ue
Is 11185 a composite number?
True
Is 20017 a prime number?
False
Is 279883 a composite number?
False
Is 107999 prime?
True
Is 467 a prime number?
True
Is 35885 composite?
True
Is 1439 composite?
False
Is 56201 a composite number?
True
Is 892401 a composite number?
True
Is 2251 a prime number?
True
Is 417437 prime?
True
Is 270197 prime?
False
Is 1267817 composite?
True
Is 92297 composite?
False
Is 2329241 a prime number?
True
Is 364033 a prime number?
False
Is 13537 composite?
False
Is 3629 prime?
False
Is 8731 composite?
False
Is 2362 prime?
False
Is 164231 prime?
True
Is 2153 a prime number?
True
Is 20649 composite?
True
Is 73709 prime?
True
Is 447 prime?
False
Is 93523 a prime number?
True
Is 271723 composite?
False
Is 88513 a prime number?
True
Is 41719 prime?
True
Is 263 a prime number?
True
Is 7831 composite?
True
Is 32127 a prime number?
False
Is 205201 a composite number?
False
Is 2981 composite?
True
Is 43391 a prime number?
True
Is 260047 prime?
True
Is 36511 a prime number?
False
Is 6197 prime?
True
Is 35914 a composite number?
True
Is 8857 prime?
False
Is 22519 a composite number?
True
Is 53759 prime?
True
Is 557611 prime?
True
Is 2330677 a prime number?
False
Is 704827 a prime number?
False
Is 12367 a prime number?
False
Is 34631 composite?
False
Is 10033 a composite number?
True
Is 5998 a prime number?
False
Is 419 composite?
False
Is 91391 a prime number?
False
Is 482169 composite?
True
Is 468914 a prime number?
False
Is 297199 a prime number?
False
Is 7817 composite?
False
Is 2767 prime?
True
Is 371927 a composite number?
False
Is 3543409 prime?
True
Is 2117359 a prime number?
False
Is 649 prime?
False
Is 4751 a composite number?
False
Is 943399 prime?
False
Is 3821 a prime number?
True
Is 62547 composite?
True
Is 220301 composite?
False
Is 27182 composite?
True
Is 4421 a prime number?
True
Is 427055 a composite number?
True
Is 21713 prime?
True
Is 87778 composite?
True
Is 29009 composite?
False
Is 2719 a composite number?
False
Is 11177 prime?
True
Is 115129 composite?
True
Is 8143 a composite number?
True
Is 14141 composite?
True
Is 8467 composite?
False
Is 219839 composite?
False
Is 171007 composite?
False
Is 2392421 a prime number?
True
Is 289337 composite?
True
Is 14143 composite?
False
Is 1399 a composite number?
False
Is 378077 composite?
True
Is 336218 a prime number?
False
Is 474421 composite?
True
Is 11819 a composite number?
True
Is 3659 composite?
False
Is 6619 prime?
True
Is 91983 prime?
False
Is 16673 prime?
True
Is 142357 prime?
True
Is 88463 composite?
False
Is 8053 composite?
False
Is 4783 a composite number?
False
Is 1914097 prime?
True
Is 122063 a composite number?
True
Is 11471 a composite number?
False
Is 73109 prime?
False
Is 194641 prime?
False
Is 10831 prime?
True
Is 4237 a composite number?
True
Is 231893 composite?
False
Is 391 prime?
False
Is 91453 a composite number?
False
Is 6283 a composite number?
True
Is 61111 prime?
False
Is 67637 a prime number?
False
Is 2065463 composite?
True
Is 1109383 composite?
True
Is 4957 a prime number?
True
Is 60251 a composite number?
False
Is 90059 a prime number?
True
Is 4399 a composite number?
True
Is 34871 composite?
False
Is 130859 composite?
False
Is 24233 a prime number?
False
Is 195677 composite?
False
Is 312451 a prime number?
True
Is 17377 prime?
True
Is 7962521 a prime number?
False
Is 10357 composite?
False
Is 12443 a composite number?
True
Is 3161 prime?
False
Is 5435 composite?
True
Is 2081 a prime number?
True
Is 587 a composite number?
False
Is 602149 prime?
False
Is 1499 prime?
True
Is 56458 prime?
False
Is 212791 a composite number?
False
Is 798887 a composite number?
False
Is 732709 a prime number?
True
Is 29453 composite?
False
Is 15891 prime?
False
Is 12517 a composite number?
False
Is 29467 composite?
True
Is 335599 a composite number?
True
Is 37745 a composite number?
True
Is 6835 prime?
False
Is 12757 a prime number?
True
Is 809 a composite number?
False
Is 71177 composite?
True
Is 4049 prime?
True
Is 25621 a composite number?
False
Is 11371 prime?
False
Is 221447 composite?
False
Is 7789 prime?
True
Is 4547 a prime number?
True
Is 726983 composite?
False
Is 14347 prime?
True
Is 38497 a composite number?
True
Is 9767 a composite number?
False
Is 164155 prime?
False
Is 26143 composite?
True
Is 138055 a composite number?
True
Is 34711 a prime number?
False
Is 1583651 a composite number?
False
Is 20171 a composite number?
True
Is 3389 a prime number?
True
Is 22531 a composite number?
False
Is 1181597 a prime number?
False
Is 399757 a composite number?
False
Is 128107 a prime number?
False
Is 2459 a composite number?
False
Is 69985 prime?
False
Is 12227 composite?
False
Is 1901 a composite number?
False
Is 690997 a prime number?
True
Is 6521 prime?
True
Is 1454 a composite number?
True
Is 3359 a prime number?
True
Is 35141 prime?
True
Is 408014 a composite number?
True
Is 23083 a composite number?
True
Is 252677 composite?
True
Is 2077 prime?
False
Is 35597 composite?
False
Is 48131 a composite number?
False
Is 642301 a composite number?
True
Is 238321 composite?
False
Is 185203 composite?
True
Is 537 a composite number?
True
Is 239329 a composite number?
False
Is 80609 composite?
True
Is 2566 a composite number?
True
Is 222961 a prime number?
False
Is 41681 a prime number?
True
Is 11467 a composite number?
False
Is 22045 a composite number?
True
Is 230851 composite?
True
Is 13033 prime?
True
Is 11519 a composite number?
False
Is 474277 composite?
True
Is 6139 a composite number?
True
Is 179317 a composite number?
False
Is 497327 a prime number?
False
Is 1543 composite?
False
Is 11047 prime?
True
Is 6497 a composite number?
True
Is 17183 composite?
False
Is 146477 a prime number?
True
Is 58391 a prime number?
True
Is 46619 prime?
True
Is 27505 a prime number?
False
Is 2333 composite?
False
Is 191095 composite?
True
Is 600109 composite?
False
Is 285173 a composite number?
True
Is 34859 a prime number?
False
Is 1825157 prime?
True
Is 1477 composite?
True
Is 79301 a prime number?
True
Is 29933 a composite number?
True
Is 56237 composite?
False
Is 1011559 a composite number?
False
Is 152449 a composite number?
True
Is 59253 prime?
False
Is 303 a prime number?
False
Is 25229 a prime number?
True
Is 1602259 prime?
False
Is 45433 prime?
True
Is 42557 prime?
True
Is 10399 a prime number?
True
Is 12689 a composite number?
False
Is 318731 prime?
False
Is 7837 a composite number?
True
Is 1995913 prime?
True
Is 207433 a prime number?
True
Is 268093 prime?
False
Is 73877 a composite number?
False
Is 20841 a composite number?
True
Is 209641 a composite number?
True
Is 6379 prime?
True
Is 33149 composite?
False
Is 5981 a composite number?
False
Is 212061 a composite number?
True
Is 36463 composite?
True
Is 3593 prime?
True
Is 269 a composite number?
False
Is 13173 composite?
True
Is 9091 composite?
False
Is 12989 a prime number?
False
Is 180887 a prime number?
False
Is 145643 prime?
True
Is 19571 prime?
True
Is 944987 a composite number?
False
Is 105019 prime?
True
Is 1967 composite?
True
Is 47711 prime?
True
Is 59107 a composite number?
False
Is 84923 a composite number?
True
Is 23143 a prime number?
True
Is 83047 a composite number?
False
Is 10198 a prime number?
False
Is 22313 a composite number?
True
Is 630291 a composite number?
True
Is 44683 composite?
False
Is 660973 composite?
False
Is 476299 composite?
False
Is 16961 prime?
False
Is 1346 composite?
True
Is 10973 a composite number?
False
Is 4547 a composite number?
False
Is 754629 prime?
False
Is 1973 composite?
False
Is 74611 a prime number?
True
Is 6779 prime?
True
Is 37678 a composite number?
True
Is 22579 a composite number?
True
Is 37121 a prime number?
False
Is 243047 composite?
True
Is 126329 composite?
True
Is 1823285 prime?
False
Is 742151 composite?
False
Is 703861 prime?
True
Is 377713 a prime number?
False
Is 2409071 a composite number?
True
Is 23221 prime?
False
Is 40693 a prime number?
True
Is 31379 composite?
False
Is 251918 composite?
True
Is 3761 prime?
True
Is 110527 composite?
False
Is 8842 a prime number?
False
Is 261557 prime?
True
Is 80489 composite?
False
Is 117833 a prime number?
True
Is 743 a composite number?
False
Is 5818 prime?
False
Is 376021 a prime number?
True
Is 5